2 - 4*j + 3. Determine v(n).
-2
Let d(y) = y**3 + 6*y**2 + y - 5. Let q be d(-6). Let j = 6 + q. Let m(i) = -i - 2. Give m(j).
3
Let l be (3/3*-1)/(-1). Suppose -4 - 6 = -5*s. Let u(n) = -3 + 2*n**2 - n**s - l - 4*n. Determine u(5).
1
Let b(i) = 4*i. Let v(j) = -2*j**3 - 1. Let n(y) = y**3 + y**2 + y. Let m be (6/9)/((-4)/6). Let s be n(m). Let g be v(s). Determine b(g).
4
Let g = 2 - 1. Let b(d) = -20*d**2 + 2*d - 1. Calculate b(g).
-19
Let f = 4 + -1. Let a(z) = z - 2*z + 0*z - f - 2. Suppose -2*g - 2 = 8. What is a(g)?
0
Let r(v) = -v. Let u be ((-9)/6)/(9/(-24)). Suppose 3*i = u*i. Suppose 8*f - 3*f + 5 = i. What is r(f)?
1
Let h(y) = 2*y + 13. Let n be h(-7). Let q(d) = -3 - 1 + 5 - 4*d. Calculate q(n).
5
Suppose 3*l = 4*l - 8. Suppose 4*y = -0*y - l. Let r(w) = w + 3. What is r(y)?
1
Let g = -2 - -10. Let c(q) = -4*q**2 + q + g*q**2 + 7*q**2. Give c(-1).
10
Suppose 3*q + 3*a - 18 = 0, a + 38 = 5*q - 2*a. Suppose 0 = -5*o + q + 3. Let s(u) = 5*u + 4. Let j(m) = 11*m + 9. Let w(i) = 3*j(i) - 7*s(i). Determine w(o).
-5
Suppose 0*o = 4*v + 5*o + 6, 4*o = -4*v - 8. Let d be (-3)/v - (-2)/8. Let u(b) = d + 0 + b + 3. Give u(-2).
2
Let d = 21 - 23. Let s(n) = -2*n**2 - 4*n - 2. What is s(d)?
-2
Let q(d) be the second derivative of -d**3/3 + d**2/2 - d. Let f = -5 - -6. Determine q(f).
-1
Let w(u) = -2*u - 1. Let g be w(1). Let n = 8 - 10. Let l be g/6*(6 - n). Let i(s) = 2*s + 5. Calculate i(l).
-3
Let x = 8 + -23. Let d be (10/x)/(2/(-12)). Let j(o) = -o**3 + 5*o**2 - 2*o - 5. Calculate j(d).
3
Let b(w) = w**3 + w**2 - 4*w - 3. Suppose -3*o = 12, -3 = -5*a - 3*o + 10. Suppose 3*y + a*r = -3, 3*y + r - 6 = -r. Suppose -3 = y*n + 5. Calculate b(n).
1
Let g = -98 + 93. Let a(i) = -2*i**3 + 2*i - 1 - 5*i**2 + 3 + i**3. What is a(g)?
-8
Let j(y) be the second derivative of -y**5/60 - y**4/8 - y**3/2 + 3*y**2/2 - 2*y. Let m(u) be the first derivative of j(u). Calculate m(-4).
-7
Let w = -11 - -24. Let n = w - 18. Let j(i) = i**2 + 10*i + 3. Let d(t) = t + 1. Let q(x) = -3*d(x) + j(x). Determine q(n).
-10
Let n(q) = q**2 - q - 2. Let x(s) = 12*s**2 - 3*s - 5. Let r(p) = 2*n(p) - x(p). Give r(-1).
-10
Suppose -3 = -3*x + 12. Let f(y) = 2 - y + 0*y + 1. What is f(x)?
-2
Let g(p) be the second derivative of 1/6*p**3 + 0 + 1/12*p**4 + 3*p**2 - 3*p. Determine g(0).
6
Let n(h) = 3*h + 3. Let p(q) = -q**2 - 4*q + 1. Let z be p(-5). What is n(z)?
-9
Let g = 27 - 32. Let z(i) = i + 6. Determine z(g).
1
Let y(s) = 4*s**2 + 7*s - 8. Let p(z) = -z**2. Let c(t) = -5*p(t) - y(t). Let n be c(6). Let i(j) = j**3 - j**2 - j + 2. Calculate i(n).
4
Let p be (-12)/(-10)*40/(-12). Let y(v) = v**3 + 5*v**2 + 7*v + 6. Give y(p).
-6
Let k be ((-180)/(-24))/(6/4). Let o(g) = -3*g**3 - 5*g**2 - g - 3. Let x(h) = 2*h**3 + 2*h**2 + h + 1. Let q(m) = 3*o(m) + 5*x(m). Calculate q(k).
6
Let r(h) be the second derivative of -h**5/20 + h**4/2 + h**3/3 - 3*h**2 + 4*h. Calculate r(6).
6
Let c(j) be the first derivative of -j**2/2 + j - 3. Let i(k) = 7*k - 5. Let p(f) = 6*c(f) + i(f). What is p(5)?
6
Let d(u) = 5*u**3 + 29*u**2 - 29*u + 8. Let f(b) = -b**3 - 7*b**2 + 7*b - 2. Let m(q) = 2*d(q) + 9*f(q). What is m(3)?
-5
Let v(l) = -l**2 - l - 9. Suppose 2*x = 4*x. Let f = -4 - x. Let m be ((-1 - f) + -3)/(-1). Determine v(m).
-9
Let j(c) = -4 - 4*c + c**2 + 2*c + 8*c. Let q be j(-7). Let z(i) = 2*i + 0 - i - 7. What is z(q)?
-4
Let k(x) = 2*x**2 - 4*x - 1. Let w(b) = b**2 - 9*b - 8. Let s be w(10). Suppose 5 = s*c - 1. Determine k(c).
5
Suppose -5*v + j + 3 + 13 = 0, 3*v + 2*j = 20. Suppose -4*q + q + h + 2 = 0, -5*h + 24 = 2*q. Suppose -v = 2*o - q. Let b(d) = -4*d**3 - d. Determine b(o).
5
Let u(p) = -4*p**2 + p + 1. Let b be (4/(-6))/((-2)/3). Suppose 12 = -6*k - 0. Let x = b + k. Determine u(x).
-4
Let j(s) = 0 - 2*s + 9*s + s**3 + 240*s**2 - 246*s**2 + 2. Calculate j(5).
12
Let v(r) = r**3 - 5*r**2 + r - 4. Let f(l) = l + 12. Let a be f(-12). Let n = 5 - a. What is v(n)?
1
Suppose 9 = 3*x, -2*i - 3*x + 14 = -i. Suppose 0 = -2*p + 3*p - i. Let q(s) = -s + 8. Give q(p).
3
Let a(p) = p + 6. Let n(i) = -3*i - 17. Let v(u) = 17*a(u) + 6*n(u). Suppose 0 = -0*g - 4*g + 4. Let w = -2 + g. What is v(w)?
1
Let l(u) be the second derivative of 0*u**2 + 0 - 1/3*u**3 + u. Let j be (1 + 1)/(-4 + 2). Give l(j).
2
Let g(r) = -2. Let l(y) = y - 1. Let b(t) = -2*g(t) - 2*l(t). What is b(-6)?
18
Let u be (44/3)/((-1)/(-3)). Let y(x) = -u*x + 22*x - 2 + 21*x. What is y(5)?
-7
Let t(n) = -n**2 + 7*n + 3. Let i be t(7). Suppose -i*u + 2 = -2*u. Let j(w) = -2*w**3 + 4*w**2 - 2*w. Determine j(u).
-4
Suppose c = -4*c + 20. Suppose o + c*i + 7 = 0, 3*o + 5*i + 19 = -2. Let y(v) = -v**3 - 6*v**2 + 8*v + 3. Give y(o).
-4
Suppose 0 = 4*g + 2*n - 22, 5*g - 6 = -5*n + 14. Suppose -5*p = 0, -p = -q - g - 1. Let v be q/(-5) + 6/15. Let i(j) = j**3 - 3*j**2 + 4*j - 3. Give i(v).
1
Suppose 0 = 2*v + 4*l - 7 + 3, -3*v + l = 22. Let g(u) = -4*u**3 + 10*u**2 - 11*u + 2. Let r(c) = c**3 - c**2 + c. Let k(o) = g(o) + 5*r(o). Give k(v).
2
Let u(y) be the second derivative of 0 - 4*y - 7/2*y**2 - 1/6*y**3. What is u(-7)?
0
Let y(t) be the third derivative of -t**5/60 - t**4/4 + t**3/2 + t**2. Let z = -24 + 19. Determine y(z).
8
Let v be (-2)/4 + (-9)/(-2). Let d be v*(-2)/(-4) - 5. Let c(k) be the third derivative of -k**4/12 + 25*k**2. Calculate c(d).
6
Let p(y) be the third derivative of -y**4/24 - 7*y**3/6 - 27*y**2. Calculate p(-8).
1
Let r be 2/(-4)*32/2. Let j(s) = s + 3. Let c be j(r). Let q(d) = -2*d - 5. Determine q(c).
5
Let d(u) be the first derivative of u**4/4 + u**3/3 - 3*u - 5. Let q(r) = -r + 5. Let i be q(5). Give d(i).
-3
Let y be -11 + (-3)/(12/(-4)). Let g = y - -5. Let a(s) = s**3 + 5*s**2 - 2*s - 2. Determine a(g).
8
Let i(y) = 10*y - 12. Let o(d) = 9*d - 12. Let g(q) = -6*i(q) + 7*o(q). Determine g(6).
6
Let v(c) = c**2 - 5*c. Let y(f) = 6*f - 4. Suppose -3 + 0 = -o. Let p be y(o). Let d = -10 + p. Calculate v(d).
-4
Let a(o) be the second derivative of 3*o**5/5 - o**4/12 - o**3/6 - o**2/2 + 2*o. Calculate a(-1).
-13
Let m be (-12)/18 + 40/6. Let t(n) = -7*n**3 - 6*n + 2. Let q(o) = 6*o**3 - o**2 + 5*o - 1. Let c(f) = 6*q(f) + 5*t(f). Calculate c(m).
4
Suppose 2 = c - 4. Let v(d) = 7*d**3 - 15*d**2 - 7*d + 19. Let m(a) = -10*a**3 + 22*a**2 + 11*a - 28. Let i(l) = -5*m(l) - 7*v(l). Determine i(c).
7
Let c(h) = -5*h**2 - 3*h - 2. Let o be c(-1). Let x(v) = -v**3 - 5*v**2 - 6*v. Give x(o).
8
Let n(c) = -c**2 - 8*c + 11. Let q be n(-9). Suppose 0 = -5*l - 20, -l + 25 = 3*a - 5*l. Let f(w) = 5*w - 2*w - q*w + w**3 + 1 - 3*w**2 - a*w. Calculate f(3).
-5
Let m(t) = -t**3 - 4*t**2 - 2*t - 4. Let n be ((-1)/2)/(0 - (-1)/8). Determine m(n).
4
Let w(p) = -p**3 - 6*p**2 - 4*p. Suppose 5*t = -m + 64, 5*t = -0*t + 5*m + 40. Let u be (-4)/(-6)*(-90)/t. What is w(u)?
-5
Let v(h) be the second derivative of h**5/20 - 5*h**4/12 + 5*h**3/6 - h**2 - 298*h. Suppose -2*z + 10 - 4 = 0. Determine v(z).
-5
Let l(y) = y + 7. Suppose 5*n + 33 = -17. Let j = n - -15. Suppose 0 = -3*w - u - 6 - j, 5*u + 15 = -5*w. Give l(w).
3
Suppose 0*s + 4*s = 4. Let y(d) = -4*d - 1. Determine y(s).
-5
Let h(t) = 7*t - 3*t**3 + 3*t**3 - 5*t**2 - 2*t**2 + t**3. Give h(6).
6
Let c(m) = -m**2 - 9*m - 9. Let l be c(-8). Let q(x) be the second derivative of -x**4/3 - x**3/6 - 5*x. Determine q(l).
-3
Let k(m) be the first derivative of m**2/2 - 3*m - 10. Give k(-4).
-7
Let m(v) = -v. Let j(u) = -u**3 + 13*u**2 - 13*u + 8. Let o be j(12). Let w be ((-7)/(-14))/(2/o). Determine m(w).
1
Suppose 4*k + 0*k + 20 = 0. Let r = 10 + k. Let w(b) = 2*b - 5. Let m be w(r). Let q(u) = u - 1. What is q(m)?
4
Let d(f) be the second derivative of f + 0 + 0*f**2 + 1/40*f**5 - 1/3*f**3 - 1/8*f**4 - 1/360*f**6. Let a(s) be the second derivative of d(s). Give a(3).
-3
Let q = 1 - -4. Suppose 0 = t - 3*x - 5, 5*x = -q*t + x + 6. Let l(v) = v**2 - v + 1. Let o(n) = -1. Let m(z) = 3*l(z) + 2*o(z). Calculate m(t).
7
Let l(q) = 4 + 2*q**3 + 0*q**2 + 3*q**2 - q**3 + 4*q. Let c(w) = -w**2 + 4*w + 9. Let v be c(-2). Calculate l(v).
-8
Let r be -7 - (-2 + 3 - 3). Let q(b) = 2*b**2 + 4. Let l(k) = -1. Let t(f) = r*l(f) - q(f). Calculate t(2).
-7
Let z(h) = 7*h**3 - h**2 - 3*h + 5. Let r(v) = 8*v**3 - 2*v**2 - 4*v + 6. Let f(i) = 6*r(i) - 7*z(i). Give f(-4).
-3
Let v be ((